r) = r**2 + 7*r + 7. Let v be b(-5). Let a be -2 + (0 - 3) + v. Let f = a + 7. Determine z(f).
-3
Let t(n) be the third derivative of 7*n**4/24 - n**3/2 - 21*n**2. Give t(2).
11
Let x(n) = 7 - n + 6 - 21. What is x(8)?
-16
Let j(i) = i**3 - i. Let k(g) be the third derivative of g**6/40 - g**4/8 - g**3 - g**2. Let b(c) = -2*j(c) + k(c). Determine b(0).
-6
Let q = 1 + 1. Let x(h) = 2*h + h - 7*h - 2*h + h**q + 3. Determine x(3).
-6
Let a(j) = j + 20. Let k be a(-14). Let g(w) = w - 2. Calculate g(k).
4
Let a(v) be the second derivative of 4*v + 1/120*v**5 + 0 + 0*v**2 + 1/720*v**6 + 0*v**3 - 1/6*v**4. Let o(d) be the third derivative of a(d). What is o(-6)?
-5
Let j = 291/2 - 145. Let d(t) be the first derivative of 4 - j*t**2 + 0*t + 1/3*t**3. Give d(0).
0
Let d(b) be the third derivative of -b**6/120 + b**5/15 - b**4/12 + 2*b**3/3 + 3*b**2. Determine d(4).
-4
Let i(w) = -6*w**3 + 3*w**2 - 5*w - 4. Let l(a) = -a**3 + a**2 - a - 1. Let r(f) = -i(f) + 5*l(f). Let p = -112 + 111. Give r(p).
0
Let y(v) = -v - 4. Let d be ((-26)/(-2) + 1)/(-2). Give y(d).
3
Let p(f) = f**3 - 3*f + 2*f**3 + f**3 - 3 + 2*f**2 - 3*f**3. Suppose -3*y - 4 = -a, -5*y + 4*a - 12 = 5*a. Let o be 8/y*1 - -2. Calculate p(o).
3
Let m(g) be the second derivative of -1/2*g**2 - 1/12*g**4 + 0 - 1/3*g**3 + 1/4*g**5 - 2*g. Let f be 2/(-8) + (-3)/4. Determine m(f).
-5
Let x(k) = 3*k - k**2 - 16*k + 7 + 8*k. Suppose -5*w + 43 = -7. Let r be 5/(w/(-4)) - 4. Calculate x(r).
1
Let j(k) = -9*k + 5. Let q(s) = -2*s - 1. Let x(i) = -j(i) + 4*q(i). Let t be 4/6 - 111/(-9). Suppose -4*w = -3 - t. Determine x(w).
-5
Let f = 5 - 2. Let g = 5 - 5. Suppose f*s = -g + 6. Let h(c) = 2*c**2 - 3*c + 1. Calculate h(s).
3
Let c(m) = m**2 + 3*m - 2. Let s(b) = b - 1. Let z(w) = c(w) - 3*s(w). Suppose 0 = 6*n - 3*n. Determine z(n).
1
Let b(h) = -2*h**2 - 4*h - 3. Let w = -6 + 6. Suppose w = -2*q - 6. Calculate b(q).
-9
Let s(d) = -d**2 - 7*d - 6. Let q be s(-4). Let c(l) = 7 + 2 - q + l. Calculate c(4).
7
Let j(z) = 3*z**3 + z**2 + z. Let n be j(-1). Let q be (-2)/(-3)*n - 0. Let o(b) = 2*b + 3. Give o(q).
-1
Let p(g) = 3*g + 3. Let y(h) = -6*h - 7. Let r(z) = 5*p(z) + 2*y(z). Suppose -x + 13 = 4. Let v be (2 - 2) + x/(-3). Determine r(v).
-8
Let p(g) be the third derivative of g**7/120 - g**6/180 - g**5/60 - g**4/24 - g**3/6 + 2*g**2. Let m(i) be the first derivative of p(i). Determine m(-1).
-8
Let s(i) = -4 + 3 - 4*i + 0 + 2. What is s(2)?
-7
Let i be 177/21 + -8 + 50/14. Let y(c) = -7*c + 3. Determine y(i).
-25
Suppose 0 = -5*o + 19 + 1. Suppose 5*l - 3*l - 2 = 5*r, 4*l = 2*r + o. Let u(g) = 2*g + 1. What is u(l)?
3
Let z(j) = -4*j + 0*j + 3*j. Let b(s) = s - 1. Let o(x) = 3*b(x) + 5*z(x). Let q be ((-4)/10)/((-2)/(-2*10)). What is o(q)?
5
Let n(f) = -2*f**2 - 8*f + 7. Let z(c) = 3*c**2 + 17*c - 15. Let v(d) = -13*n(d) - 6*z(d). Calculate v(1).
9
Let q(s) = -6*s - 5 + 7*s**2 + 4*s**3 - 3*s**3 - 2*s**3. Let j = -15 - -21. Give q(j).
-5
Let l(c) = -c**3 + 3*c**2 + 4*c - 3. Suppose 0 = -2*f + 6*f. Let q be (f + 2/3)*6. Calculate l(q).
-3
Let b(x) = -x**3 - 7*x**2 - x - 2. Let f be ((-1)/(4/(-56)))/((-2)/1). Give b(f).
5
Let m be 36/(-210)*-5*(0 + 7). Let w(d) = -d + 2*d + d - 6. Calculate w(m).
6
Let v be (-10)/(-2) - (2 - 0). Suppose 6*d - 3 = v*d. Let y(a) = 1 + a**2 - 3*a + a - 2*a**2. What is y(d)?
-2
Let v(q) = -q - 1 + 2 - 2*q + q. Determine v(-5).
11
Let d(f) = -f**3 + 3*f**2 + 3*f + 4. Let b be d(4). Suppose 5 = 5*o - b. Let l(t) = -t**2 - t + 1. Give l(o).
-1
Let u(x) = 18*x - 6*x**2 - 12*x + 6 - x + x**3. What is u(5)?
6
Let r(l) = l**3 - 4*l**2 - 5*l + 3. Let d be r(5). Let i(n) = 8*n**d + 3*n - 4 - 10*n - 5*n**2 - 7*n**3. What is i(6)?
-10
Let r(k) = 9*k - 9. Let t(i) = -4*i + 4. Suppose 2*w - 6*w + 12 = 0. Let o(z) = w*r(z) + 7*t(z). Let d(y) = 2*y - 1. Let q be d(-1). Give o(q).
4
Suppose -5*g - 11 = 4*o, g = o + o - 5. Let l(r) = -r**2 - 4*r - 2. Give l(g).
1
Let s(z) = z**2 - 5*z + 4. Let d(y) = -y**2 + 3*y + 1. Let k = 7 - 5. Let x be d(k). Give s(x).
-2
Let t(i) = -2*i**3 - 9*i**2 + 4*i - 3. Let j(k) = -k**3 - k**2 + k. Let g(s) = 3*j(s) - t(s). Let a be 9 + ((-1)/1 - 2). Give g(a).
-3
Let u(o) = -4*o + 4 - 9*o + 18*o - 6*o. Give u(0).
4
Let r(o) = -3*o + 3*o**2 - o**3 - 1 + 0 + o. Suppose -2*v = v + 24. Let k(j) = -j**2 - 7*j + 11. Let x be k(v). What is r(x)?
-7
Let l = 3 + -1. Suppose l*y = -y. Let a(x) be the third derivative of x**5/60 + x**4/24 + x**3 + 12*x**2. What is a(y)?
6
Let a(b) = b + 1 + 0*b - 2*b - 3. Let g(l) = 3*l + 7. Let y(v) = -11*a(v) - 4*g(v). What is y(-5)?
-1
Suppose 0*n - a = 3*n - 27, -n + 17 = 3*a. Let c = n - 12. Let u(o) = o**2 + 4*o + 5. What is u(c)?
5
Suppose -3*m + 41 = 4*r - 2*r, 5*r = 5*m - 110. Suppose m = -5*d + 2*h, 41 = -d - 4*d - 4*h. Let g = d - -1. Let z(v) = v**2 + 3*v + 5. Determine z(g).
9
Let l(q) = 2*q - 6. Let k be l(5). Suppose 0 = k*g - 3*g - 2. Let y be 2 + g/(2/(-7)). Let i(v) = v**3 + 6*v**2 + 4*v + 4. Determine i(y).
9
Suppose 4*c = -1 + 5. Let q(f) = -1 - 2 - f + 3 - c. Give q(-5).
4
Suppose 0 = 5*a + 5, 2*b = a + 4 + 1. Let x be (2 - b) + (-6 - -5). Let m(s) = -9*s**2 - s. Calculate m(x).
-8
Suppose 2*z = -x + 9, -2*z + z + 4*x + 27 = 0. Let b(s) = -s**3 + 7*s**2 + 2*s - 4. Calculate b(z).
10
Let y(p) = p + 2. Let k be y(-7). Let u(f) = -f**2 - 5*f + 3. Determine u(k).
3
Let s(j) = -5 + 9*j - 3*j - 2*j**2 + 1 + j. What is s(5)?
-19
Let i(q) = -11 + 5 + 7 - q + 0. Determine i(-3).
4
Suppose -4*k - 3*x = -7*k + 84, 3*k = -4*x + 91. Let v = -1 - -3. Suppose -3 = -v*m + a, -3*m - 5*a - k = m. Let q(h) = 4*h**3 - h**2 - h - 1. What is q(m)?
-5
Let p(b) = -3*b + 2. Let w = 45 - 47. What is p(w)?
8
Let l(t) be the first derivative of -t**4/4 - 5*t**3/3 + 5*t**2 + 7*t + 3. Give l(-6).
-17
Let q(w) = w**3 - 4*w**2 + w - 3. Let f be q(4). Let l be 2 - f*(-1)/(-1). Let x be ((-3)/l)/(-3) + 5. Let y(b) = -b + 1. Give y(x).
-5
Let u(b) = -2*b**2 + 2*b + 3. Let i(l) = -l**2 + l + 1. Let w(z) = -8*i(z) + 3*u(z). Determine w(3).
13
Suppose 0 = -5*g + x + 4 + 7, 5*g = -4*x + 31. Let h(p) = -p - 4. Determine h(g).
-7
Let x = -10 - -16. Let k(v) = -4*v**2 - 16*v - 28. Let m(r) = 3*r**2 + 11*r + 19. Let f(n) = 5*k(n) + 7*m(n). Determine f(x).
11
Let g(y) = -3 + 2*y + 0 - y. Calculate g(5).
2
Let m(o) = 5*o**2 - 2*o + 1. Let f be 4*(3/2 - 1). Let w = f - 1. Determine m(w).
4
Let h(c) = -5*c**3 - 66*c**2 - 66*c - 66. Let q(b) = b**3 + 13*b**2 + 13*b + 13. Let v(m) = 2*h(m) + 11*q(m). Give v(-10).
1
Let m(g) be the second derivative of -g**4/12 + g**3/2 + g**2 + 2*g. Suppose -2*p = -89 - 13. Let k be p/12 - (-1)/(-4). What is m(k)?
-2
Let c(g) = 5*g**2 - 3*g - 20. Let l(t) = -t**2 - t - 1. Let j(m) = c(m) - 6*l(m). Let b(v) = 5*v**2 + v - 7. Let q(p) = 9*b(p) - 4*j(p). Give q(5).
3
Let j = -21 - -15. Let m = -9 - j. Let o(u) be the first derivative of -u**3/3 - 3*u**2 - u + 2. Give o(m).
8
Suppose -4 = 4*y - 5*x, -3*y + 2*x = -y. Let i(n) be the first derivative of 0*n**3 - n - 1/4*n**4 - n**2 - y. Calculate i(-1).
2
Let k(p) = -p**3 + 2*p**2 + 3*p - 3. Let s = -35 + 38. Determine k(s).
-3
Let p(x) = -16*x**2 + x + 1. Let r = -18 - -17. Determine p(r).
-16
Let n be (-2)/1*(-6)/(-4). Let w(r) = 9*r - 3. Let s(v) = 19*v - 6. Let o(a) = 4*s(a) - 9*w(a). Let b(h) = -4*h + 2. Let c(q) = 4*b(q) - 3*o(q). What is c(n)?
2
Let j(n) = -n**2 - 2*n - 2. Let x(t) = -t**2 - t - 2. Let w(y) = 4*j(y) - 3*x(y). What is w(-3)?
4
Let a be 1/1 - 3/(-1). Suppose -2 = -3*x + a. Let t(f) = -f**2 - f + 1. Calculate t(x).
-5
Let b(s) = 6*s**3 + s**2 + 8*s + 7. Let n(w) = -6*w**3 - w**2 - 7*w - 6. Let k(y) = -5*b(y) - 6*n(y). Give k(-1).
-6
Let g(o) = o**3 + 5*o**2 - 7*o - 3. Let f be g(-6). Let j(l) = 1 - 5 - f*l + 4. Calculate j(-1).
3
Let z = 145 + -143. Let m(l) be the first derivative of -4 + 1/2*l**2 + z*l + 1/3*l**3. Calculate m(-2).
4
Suppose -t - t - 8 = 0. Let i(u) be the second derivative of u**5/20 + 5*u**4/12 + u**3 + u**2 - u. Determine i(t).
-6
Let i(f) be the second derivative of f**5/20 + 5*f**4/12 + 2*f**3/3 - 3*f**2/2 + 2*f. Let m = 4 + -8. Determine i(m).
-3
Suppose 0 = -0*x + 4*x - m - 25, -4*m = 5*x - 26. Let y(t) = t**2 - 6*t - 6. Calculate y(x).
-6
Suppose -3*f = -3*i + 18, i + 15 = 6*i. Let z = -9 - f. Let c be (-4)/z - (-4)/3. Let p(m) = -m**3 -